 is the tens digit of a?
3
Let k(u) = -158*u**3 - u**2 - 3*u - 1. Let f be k(-1). Let n = f + -49. Suppose -5*y + 364 = 2*t, n = y + 2*t + 34. What is the units digit of y?
2
Let y be (714/(-126))/(1/18). What is the hundreds digit of 2/(-17) + (-106806)/y + -2?
0
Let u = 77654 - 53429. What is the tens digit of u?
2
Suppose -2*t = 2*f - 107722, 3*f = -146 + 152. What is the thousands digit of t?
3
Let v(q) = 13*q**2 + 32*q + 1. Let r be v(-7). Suppose -23*p + 17*p = -r. What is the tens digit of p?
6
Suppose -17*k + 5*k = -7*k - 36705. What is the units digit of k?
1
Suppose -15*r + 68 = -7. What is the units digit of (-4 - (5/r - 5)) + 93?
3
Let k(g) = 491*g**2 + 392*g - 2716. What is the thousands digit of k(7)?
4
Let q(s) be the second derivative of 65*s**4/4 - s**3/2 + s**2 + 131*s - 1. Let p(r) = r**3 - 4*r**2 - 5*r + 1. Let a be p(5). What is the units digit of q(a)?
4
Suppose 78*b - 572767 - 2497313 = 0. What is the thousands digit of b?
9
Suppose -y + 285 = -2*o - 0*o, -895 = -3*y - 4*o. Suppose y = z + 4*q, -4*q + 757 = 3*z - 130. What is the hundreds digit of z?
2
Let c(h) be the second derivative of h**4/12 + 29*h**3/6 - 33*h**2 + h - 65. What is the units digit of c(-33)?
6
Suppose 63*h = 66*h - 30. Suppose h*m = 5*m + 55. Let z = m + 43. What is the tens digit of z?
5
Let q be 0 - (-1)/(2/10). Let p(z) = -z**2 - 3*z - 4. Let y be p(q). What is the units digit of ((-33)/6)/(2/y)?
1
Let s = 39 + -36. Let q(t) = 3 - t**2 + 8*t**2 + 2*t - t**3 - 4*t**2. What is the units digit of q(s)?
9
What is the hundreds digit of (122 + -4)*1/(-1 - 20/(-16))?
4
Let g = 8408 - 5324. Suppose g = -26*i + 30*i. What is the tens digit of i?
7
Suppose -10*w = -49069 - 80736 - 80045. What is the ten thousands digit of w?
2
Suppose 3*o - 5 = q, q = -3*q - 3*o + 10. What is the units digit of 1137*((-8)/(-3) - (3 - q))?
8
Suppose 4*z - 6*x = -9*x + 20574, -z = x - 5143. What is the hundreds digit of z?
1
Let b = 82434 - 33334. What is the tens digit of b?
0
Let g = -265 - -8379. What is the units digit of g?
4
What is the units digit of ((-18261)/12)/(8/((-384)/18))?
8
Suppose -5*j + m + 0*m = -11120, -4*j + 5*m = -8917. Suppose 5*i - 3830 = 5*s, -5*s - 2*i = 1600 + j. What is the tens digit of (3 + s/(-21))/((-4)/(-28))?
7
Let n(i) = 9*i - 12. Let r be n(2). Suppose 4*w = -l + 1238, -2*l + 4*w = r*w - 2458. What is the tens digit of l?
2
Suppose -3*o - 7 = -16. Suppose 0*f + f - o = 0. Suppose -5*d + 133 = f*r - 78, 2*d = -5*r + 339. What is the tens digit of r?
6
Let g(i) = 5*i - 1. Let n be g(1). Let q be 1/((-1)/n) + 51. Suppose -q*y + 50*y = 129. What is the units digit of y?
3
Suppose 5775 = 413*l - 412*l. What is the units digit of l?
5
Let b(q) = 22*q - 690. What is the thousands digit of b(92)?
1
Let r(d) = d**2 - 16*d + 12. Let n be r(16). Let t(m) = -16*m - 8 + n*m + 26*m + 0*m. What is the units digit of t(4)?
0
Let g(y) = 83*y - 24. Let q be g(7). Let o = 236 - q. Let i = -220 - o. What is the tens digit of i?
0
Let t(k) = 2*k + 88. Let y(s) = 0*s + 88 - 4*s + 7*s. Let d(f) = 6*t(f) - 5*y(f). What is the units digit of d(0)?
8
Let u(i) = 1660*i - 1464. What is the ten thousands digit of u(11)?
1
Let n = 529 + -459. Let w = -128 - -59. Let g = w + n. What is the units digit of g?
1
Let z be ((-28)/10)/((-8)/20). Suppose -4 - 17 = -z*m. What is the tens digit of m*(296/12 + 1)?
7
Suppose 19 = 7*v - 79. Suppose -l - 5 = 3*s, 2*s + v = -l + 3*l. Suppose 5*p - 335 = -l*r, 4*p - 1 = -5. What is the tens digit of r?
8
Let w(q) = -7*q**3 - q**2 + 4*q - 70. What is the units digit of w(-10)?
0
Suppose 12 = 5*p - 2*t, 3*p + 3 = -5*t + 35. Suppose p*h + 53 = 429. Suppose 0 = -5*v + 111 + h. What is the units digit of v?
1
Let g be 1 + 4/12*(6115 - 1). Suppose -g - 1558 = -11*m. What is the hundreds digit of m?
3
Suppose d - 3*i + 114 = 6*d, -5*i - 34 = -d. What is the hundreds digit of d/(-3 - -9) + 529?
5
Let g(h) = -4*h**3 - 2*h**2 + h. Let q be (3/(-2))/3 + (-8)/(-16). Suppose -w + 3 = 7, q = 2*l - w + 2. What is the tens digit of g(l)?
8
Suppose 11*q - 8*q = 3*w + 22956, 5*q + 4*w - 38305 = 0. What is the tens digit of q?
5
What is the tens digit of 0 + (-5)/(-3*8/22920)?
7
Let x(k) = 18*k**3 + 4*k**2 - 16*k + 10. Let t(f) = f**3 - 18*f**2 + 14*f + 54. Let w be t(17). What is the hundreds digit of x(w)?
4
Let k(g) = -2*g**2 + 1. Let w(r) = r**3 + 32*r**2 + 5*r - 29. Let d(a) = 6*k(a) + w(a). What is the units digit of d(-19)?
3
Let z be (-30006)/(-12)*2/3. Suppose -5411 = -4*q - z. Suppose q = 4*j + 4*j. What is the units digit of j?
7
Let k(g) = g**2 + 9*g + 25. Let r be k(-4). Let q be (-10)/(-2)*(88/r - 1). Let c = q + -25. What is the units digit of c?
8
Let o = 2123 - -1480. What is the hundreds digit of o?
6
Let q be (2/(-2))/(-1 + (-156)/(-150)). Let z = q - -27. Suppose 490 = -z*s + 7*s. What is the tens digit of s?
9
Suppose 89*k = 80*k + 36. What is the tens digit of (16 - 18)*(-3138)/k - -1?
7
Let y = 26 - 23. What is the hundreds digit of (-20825)/(-28) - (0 + y/4)?
7
Let c be 6 - (-1)/((-2)/12). Suppose -n + c*k + 4*k = -1097, 1073 = n + 2*k. What is the thousands digit of n?
1
Let y = -53 - -56. Suppose -3*z + 876 = y*z. Suppose z + 290 = 4*t. What is the hundreds digit of t?
1
Let g = 23106 - 12801. What is the hundreds digit of g/(-60)*4/(-3)?
2
Let n be 1/(-4) + 89838/56. Suppose 0 = -8*b + n - 324. What is the hundreds digit of b?
1
Let i be (4/6)/(126933/14103 - 9). Let p = i + -682. What is the units digit of p?
5
Suppose 0 = 1261*g - 1284*g + 1463866 - 314188. What is the tens digit of g?
8
Suppose -46 + 1262 = 16*d. Let n be (-46)/4 - 2/(-4). Let v = d + n. What is the units digit of v?
5
Let v(z) = 5*z**2 + 13*z - 22. Suppose -7*d + 58 = -19. Let a be v(d). Suppose -121 + a = 5*q - 2*t, 0 = q + 2*t - 121. What is the tens digit of q?
2
Let x(v) = -3*v**2 + 60 + v**2 - 66 - 11*v + 3*v**2. Let m be x(12). What is the units digit of (-3 - -19) + (-6)/m?
5
Suppose -180*c + 8032642 = -7705478. What is the ten thousands digit of c?
8
Let z = 16501 + -9526. What is the hundreds digit of z?
9
Let u(n) = 2*n - 6. Let p be u(2). Let s = p - 1. What is the tens digit of (s - 335/(-5)) + -1?
6
Let c(s) be the second derivative of s**5/20 - s**4/12 - 2*s**2 - 6*s. Let l be c(-3). Let i = 44 + l. What is the units digit of i?
4
Let o = -232 + 57. Let h = -158 - o. What is the tens digit of h?
1
Let h = 86613 + -60220. What is the tens digit of h?
9
Suppose -307*w + 7192220 = -62*w. What is the thousands digit of w?
9
Let n(a) be the third derivative of -a**4/3 + 19*a**3/6 + 798*a**2. Suppose 0 = 3*d + 2*m + 17, -4*m + 3*m = -2*d - 23. What is the units digit of n(d)?
1
Suppose h - 4*m - 22336 = 0, 3*h + 0*h - 4*m = 67048. Suppose 0*n - 23*n + h = 0. What is the hundreds digit of n?
9
Let c be 4/6 + 160/(-15). Let h(k) = k + 2. Let n be h(c). What is the units digit of 16/4 - (n - 68)?
0
Let q = 2 + -2. Let x be (-5 - 2)*(-16)/56. Suppose q = 2*t - x, -4*w + 5*t = -15 - 8. What is the units digit of w?
7
Suppose 5*m = 2*x - 6*x + 55, -4*x + m + 61 = 0. Let z = x + 389. Suppose -l - 136 = -i - 2*l, 3*i + 4*l = z. What is the units digit of i?
0
Let z be ((-6)/(-4))/(6/2076). Let w be 9/(-36)*-28 - 377. Let i = z + w. What is the units digit of i?
9
Suppose 307 - 250 = 3*k. Let x(j) = 42*j - 153. What is the units digit of x(k)?
5
What is the units digit of (-384)/160*(-50865)/9?
4
Let o(k) = -k**3 - 22*k**2 + 12*k + 11. Suppose 26 = -4*v - 66. What is the units digit of o(v)?
4
Let n = 1600 - 529. Suppose -3*b = 3*y - 1845, -5*b + 3*y + 2020 = -n. What is the units digit of b?
7
Let u be ((-165)/(-132))/(0 + 1)*188. Let v = 211 - 342. Let l = v + u. What is the tens digit of l?
0
Suppose 81*r - 39*r - 28946 = -40*r. Let q(t) = -29*t**3 - 2*t**2 - 2. Let n be q(2). Let l = n + r. What is the tens digit of l?
1
Let g(o) = 3*o**2 + 89*o + 295. What is the hundreds digit of g(-31)?
4
Suppose -36*x = -38*x. Suppose -5*o + 4*k = -x*o - 875, 2*o - 4*k - 338 = 0. What is the units digit of (8/(-10))/(o/180 + -1)?
4
Suppose 5895*r - 5890*r - 13875 = 0. What is the tens digit of r?
7
Let q(r) = 8*r**2 + 18*r + 39. Let b be q(-10). What is the hundreds digit of (15 - 9)*b/6?
6
Suppose -4*u = 4*q - 7*q + 18, -10 = -2*q + 2*u. Suppose q*b - 1264 = -5